{"id":10179,"date":"2022-03-08T13:40:42","date_gmt":"2022-03-08T12:40:42","guid":{"rendered":"https:\/\/ekokubki.pl\/sklep\/?post_type=product&#038;p=10179"},"modified":"2025-10-31T12:55:11","modified_gmt":"2025-10-31T11:55:11","slug":"kubek-jednoscienny-300-ml-50-szt","status":"publish","type":"product","link":"https:\/\/ekokubki.pl\/sklep\/produkty\/kubek-jednoscienny-300-ml-50-szt\/","title":{"rendered":"Ekokubek Jedno\u015bcienny BIO-based 300ml\/14 oz &#8211; 50 sztuk."},"content":{"rendered":"","protected":false},"excerpt":{"rendered":"<p><em><strong>0,38 z\u0142 netto za sztuk\u0119<\/strong><\/em><\/p>\n<p>Ekokubki wykonane s\u0105 z papieru z barier\u0105 dyspersyjn\u0105 na bazie wody zwan\u0105 lateksem. Produkt ten jest w 100% biodegradowalny. Posiadaj\u0105 aktualny certyfikat<br \/>\nbiodegradowalno\u015bci wed\u0142ug normy EN13432.<\/p>\n<p>Ekokubek jedno\u015bcienny BIO-based 300ml zapakowany jest w r\u0119kaw po 50 sztuk. W kartonie zbiorczym mie\u015bci si\u0119 20 r\u0119kaw\u00f3w po 50 sztuk = 1000 sztuk.<\/p>\n","protected":false},"featured_media":10143,"template":"","meta":[],"product_cat":[33],"product_tag":[],"yoast_head":"<!-- This site is optimized with the Yoast SEO plugin v23.0 - https:\/\/yoast.com\/wordpress\/plugins\/seo\/ -->\n<title>Ekokubek Jedno\u015bcienny BIO-based 300ml\/14 oz - 50 sztuk. &#8212; Sklep Ekokubki.pl<\/title>\n<meta name=\"description\" content=\"Ekokubek Jedno\u015bcienny BIO- based 300ml to kubek papierowy wykonany w 100% z surowc\u00f3w odnawialnych pochodzenia ro\u015blinnego.\" \/>\n<meta name=\"robots\" content=\"index, follow, max-snippet:-1, max-image-preview:large, max-video-preview:-1\" \/>\n<link rel=\"canonical\" href=\"https:\/\/ekokubki.pl\/sklep\/produkty\/kubek-jednoscienny-300-ml-50-szt\/\" \/>\n<meta property=\"og:locale\" content=\"pl_PL\" \/>\n<meta property=\"og:type\" content=\"article\" \/>\n<meta property=\"og:title\" content=\"Ekokubek Jedno\u015bcienny BIO-based 300ml\/14 oz - 50 sztuk. &#8212; Sklep Ekokubki.pl\" \/>\n<meta property=\"og:description\" content=\"Ekokubek Jedno\u015bcienny BIO- based 300ml to kubek papierowy wykonany w 100% z surowc\u00f3w odnawialnych pochodzenia ro\u015blinnego.\" \/>\n<meta property=\"og:url\" content=\"https:\/\/ekokubki.pl\/sklep\/produkty\/kubek-jednoscienny-300-ml-50-szt\/\" \/>\n<meta property=\"og:site_name\" content=\"Sklep Ekokubki.pl\" \/>\n<meta property=\"article:publisher\" content=\"https:\/\/www.facebook.com\/bagdrip\/\" \/>\n<meta property=\"article:modified_time\" content=\"2025-10-31T11:55:11+00:00\" \/>\n<meta property=\"og:image\" content=\"https:\/\/ekokubki.pl\/sklep\/wp-content\/uploads\/2022\/03\/pixelcut-export-1646984090294.png\" \/>\n\t<meta property=\"og:image:width\" content=\"1350\" \/>\n\t<meta property=\"og:image:height\" content=\"1080\" \/>\n\t<meta property=\"og:image:type\" content=\"image\/png\" \/>\n<meta name=\"twitter:card\" content=\"summary_large_image\" \/>\n<script type=\"application\/ld+json\" class=\"yoast-schema-graph\">{\"@context\":\"https:\/\/schema.org\",\"@graph\":[{\"@type\":\"WebPage\",\"@id\":\"https:\/\/ekokubki.pl\/sklep\/produkty\/kubek-jednoscienny-300-ml-50-szt\/\",\"url\":\"https:\/\/ekokubki.pl\/sklep\/produkty\/kubek-jednoscienny-300-ml-50-szt\/\",\"name\":\"Ekokubek Jedno\u015bcienny BIO-based 300ml\/14 oz - 50 sztuk. &#8212; Sklep Ekokubki.pl\",\"isPartOf\":{\"@id\":\"https:\/\/ekokubki.pl\/sklep\/#website\"},\"primaryImageOfPage\":{\"@id\":\"https:\/\/ekokubki.pl\/sklep\/produkty\/kubek-jednoscienny-300-ml-50-szt\/#primaryimage\"},\"image\":{\"@id\":\"https:\/\/ekokubki.pl\/sklep\/produkty\/kubek-jednoscienny-300-ml-50-szt\/#primaryimage\"},\"thumbnailUrl\":\"https:\/\/ekokubki.pl\/sklep\/wp-content\/uploads\/2022\/03\/pixelcut-export-1646984090294.png\",\"datePublished\":\"2022-03-08T12:40:42+00:00\",\"dateModified\":\"2025-10-31T11:55:11+00:00\",\"description\":\"Ekokubek Jedno\u015bcienny BIO- based 300ml to kubek papierowy wykonany w 100% z surowc\u00f3w odnawialnych pochodzenia ro\u015blinnego.\",\"breadcrumb\":{\"@id\":\"https:\/\/ekokubki.pl\/sklep\/produkty\/kubek-jednoscienny-300-ml-50-szt\/#breadcrumb\"},\"inLanguage\":\"pl-PL\",\"potentialAction\":[{\"@type\":\"ReadAction\",\"target\":[\"https:\/\/ekokubki.pl\/sklep\/produkty\/kubek-jednoscienny-300-ml-50-szt\/\"]}]},{\"@type\":\"ImageObject\",\"inLanguage\":\"pl-PL\",\"@id\":\"https:\/\/ekokubki.pl\/sklep\/produkty\/kubek-jednoscienny-300-ml-50-szt\/#primaryimage\",\"url\":\"https:\/\/ekokubki.pl\/sklep\/wp-content\/uploads\/2022\/03\/pixelcut-export-1646984090294.png\",\"contentUrl\":\"https:\/\/ekokubki.pl\/sklep\/wp-content\/uploads\/2022\/03\/pixelcut-export-1646984090294.png\",\"width\":1350,\"height\":1080},{\"@type\":\"BreadcrumbList\",\"@id\":\"https:\/\/ekokubki.pl\/sklep\/produkty\/kubek-jednoscienny-300-ml-50-szt\/#breadcrumb\",\"itemListElement\":[{\"@type\":\"ListItem\",\"position\":1,\"name\":\"Strona g\u0142\u00f3wna\",\"item\":\"https:\/\/ekokubki.pl\/sklep\/\"},{\"@type\":\"ListItem\",\"position\":2,\"name\":\"Produkty\",\"item\":\"https:\/\/ekokubki.pl\/sklep\/\"},{\"@type\":\"ListItem\",\"position\":3,\"name\":\"Ekokubek Jedno\u015bcienny BIO-based 300ml\/14 oz &#8211; 50 sztuk.\"}]},{\"@type\":\"WebSite\",\"@id\":\"https:\/\/ekokubki.pl\/sklep\/#website\",\"url\":\"https:\/\/ekokubki.pl\/sklep\/\",\"name\":\"Bagdrip\",\"description\":\"Naturalnie, bez plastiku\",\"publisher\":{\"@id\":\"https:\/\/ekokubki.pl\/sklep\/#organization\"},\"potentialAction\":[{\"@type\":\"SearchAction\",\"target\":{\"@type\":\"EntryPoint\",\"urlTemplate\":\"https:\/\/ekokubki.pl\/sklep\/?s={search_term_string}\"},\"query-input\":\"required name=search_term_string\"}],\"inLanguage\":\"pl-PL\"},{\"@type\":\"Organization\",\"@id\":\"https:\/\/ekokubki.pl\/sklep\/#organization\",\"name\":\"Bagdrip\",\"url\":\"https:\/\/ekokubki.pl\/sklep\/\",\"logo\":{\"@type\":\"ImageObject\",\"inLanguage\":\"pl-PL\",\"@id\":\"https:\/\/ekokubki.pl\/sklep\/#\/schema\/logo\/image\/\",\"url\":\"\",\"contentUrl\":\"\",\"caption\":\"Bagdrip\"},\"image\":{\"@id\":\"https:\/\/ekokubki.pl\/sklep\/#\/schema\/logo\/image\/\"},\"sameAs\":[\"https:\/\/www.facebook.com\/bagdrip\/\",\"https:\/\/www.instagram.com\/bagdrip\/\"]}]}<\/script>\n<!-- \/ Yoast SEO plugin. -->","yoast_head_json":{"title":"Ekokubek Jedno\u015bcienny BIO-based 300ml\/14 oz - 50 sztuk. &#8212; Sklep Ekokubki.pl","description":"Ekokubek Jedno\u015bcienny BIO- based 300ml to kubek papierowy wykonany w 100% z surowc\u00f3w odnawialnych pochodzenia ro\u015blinnego.","robots":{"index":"index","follow":"follow","max-snippet":"max-snippet:-1","max-image-preview":"max-image-preview:large","max-video-preview":"max-video-preview:-1"},"canonical":"https:\/\/ekokubki.pl\/sklep\/produkty\/kubek-jednoscienny-300-ml-50-szt\/","og_locale":"pl_PL","og_type":"article","og_title":"Ekokubek Jedno\u015bcienny BIO-based 300ml\/14 oz - 50 sztuk. &#8212; Sklep Ekokubki.pl","og_description":"Ekokubek Jedno\u015bcienny BIO- based 300ml to kubek papierowy wykonany w 100% z surowc\u00f3w odnawialnych pochodzenia ro\u015blinnego.","og_url":"https:\/\/ekokubki.pl\/sklep\/produkty\/kubek-jednoscienny-300-ml-50-szt\/","og_site_name":"Sklep Ekokubki.pl","article_publisher":"https:\/\/www.facebook.com\/bagdrip\/","article_modified_time":"2025-10-31T11:55:11+00:00","og_image":[{"width":1350,"height":1080,"url":"https:\/\/ekokubki.pl\/sklep\/wp-content\/uploads\/2022\/03\/pixelcut-export-1646984090294.png","type":"image\/png"}],"twitter_card":"summary_large_image","schema":{"@context":"https:\/\/schema.org","@graph":[{"@type":"WebPage","@id":"https:\/\/ekokubki.pl\/sklep\/produkty\/kubek-jednoscienny-300-ml-50-szt\/","url":"https:\/\/ekokubki.pl\/sklep\/produkty\/kubek-jednoscienny-300-ml-50-szt\/","name":"Ekokubek Jedno\u015bcienny BIO-based 300ml\/14 oz - 50 sztuk. &#8212; Sklep Ekokubki.pl","isPartOf":{"@id":"https:\/\/ekokubki.pl\/sklep\/#website"},"primaryImageOfPage":{"@id":"https:\/\/ekokubki.pl\/sklep\/produkty\/kubek-jednoscienny-300-ml-50-szt\/#primaryimage"},"image":{"@id":"https:\/\/ekokubki.pl\/sklep\/produkty\/kubek-jednoscienny-300-ml-50-szt\/#primaryimage"},"thumbnailUrl":"https:\/\/ekokubki.pl\/sklep\/wp-content\/uploads\/2022\/03\/pixelcut-export-1646984090294.png","datePublished":"2022-03-08T12:40:42+00:00","dateModified":"2025-10-31T11:55:11+00:00","description":"Ekokubek Jedno\u015bcienny BIO- based 300ml to kubek papierowy wykonany w 100% z surowc\u00f3w odnawialnych pochodzenia ro\u015blinnego.","breadcrumb":{"@id":"https:\/\/ekokubki.pl\/sklep\/produkty\/kubek-jednoscienny-300-ml-50-szt\/#breadcrumb"},"inLanguage":"pl-PL","potentialAction":[{"@type":"ReadAction","target":["https:\/\/ekokubki.pl\/sklep\/produkty\/kubek-jednoscienny-300-ml-50-szt\/"]}]},{"@type":"ImageObject","inLanguage":"pl-PL","@id":"https:\/\/ekokubki.pl\/sklep\/produkty\/kubek-jednoscienny-300-ml-50-szt\/#primaryimage","url":"https:\/\/ekokubki.pl\/sklep\/wp-content\/uploads\/2022\/03\/pixelcut-export-1646984090294.png","contentUrl":"https:\/\/ekokubki.pl\/sklep\/wp-content\/uploads\/2022\/03\/pixelcut-export-1646984090294.png","width":1350,"height":1080},{"@type":"BreadcrumbList","@id":"https:\/\/ekokubki.pl\/sklep\/produkty\/kubek-jednoscienny-300-ml-50-szt\/#breadcrumb","itemListElement":[{"@type":"ListItem","position":1,"name":"Strona g\u0142\u00f3wna","item":"https:\/\/ekokubki.pl\/sklep\/"},{"@type":"ListItem","position":2,"name":"Produkty","item":"https:\/\/ekokubki.pl\/sklep\/"},{"@type":"ListItem","position":3,"name":"Ekokubek Jedno\u015bcienny BIO-based 300ml\/14 oz &#8211; 50 sztuk."}]},{"@type":"WebSite","@id":"https:\/\/ekokubki.pl\/sklep\/#website","url":"https:\/\/ekokubki.pl\/sklep\/","name":"Bagdrip","description":"Naturalnie, bez plastiku","publisher":{"@id":"https:\/\/ekokubki.pl\/sklep\/#organization"},"potentialAction":[{"@type":"SearchAction","target":{"@type":"EntryPoint","urlTemplate":"https:\/\/ekokubki.pl\/sklep\/?s={search_term_string}"},"query-input":"required name=search_term_string"}],"inLanguage":"pl-PL"},{"@type":"Organization","@id":"https:\/\/ekokubki.pl\/sklep\/#organization","name":"Bagdrip","url":"https:\/\/ekokubki.pl\/sklep\/","logo":{"@type":"ImageObject","inLanguage":"pl-PL","@id":"https:\/\/ekokubki.pl\/sklep\/#\/schema\/logo\/image\/","url":"","contentUrl":"","caption":"Bagdrip"},"image":{"@id":"https:\/\/ekokubki.pl\/sklep\/#\/schema\/logo\/image\/"},"sameAs":["https:\/\/www.facebook.com\/bagdrip\/","https:\/\/www.instagram.com\/bagdrip\/"]}]}},"jetpack_sharing_enabled":true,"_links":{"self":[{"href":"https:\/\/ekokubki.pl\/sklep\/wp-json\/wp\/v2\/product\/10179"}],"collection":[{"href":"https:\/\/ekokubki.pl\/sklep\/wp-json\/wp\/v2\/product"}],"about":[{"href":"https:\/\/ekokubki.pl\/sklep\/wp-json\/wp\/v2\/types\/product"}],"wp:featuredmedia":[{"embeddable":true,"href":"https:\/\/ekokubki.pl\/sklep\/wp-json\/wp\/v2\/media\/10143"}],"wp:attachment":[{"href":"https:\/\/ekokubki.pl\/sklep\/wp-json\/wp\/v2\/media?parent=10179"}],"wp:term":[{"taxonomy":"product_cat","embeddable":true,"href":"https:\/\/ekokubki.pl\/sklep\/wp-json\/wp\/v2\/product_cat?post=10179"},{"taxonomy":"product_tag","embeddable":true,"href":"https:\/\/ekokubki.pl\/sklep\/wp-json\/wp\/v2\/product_tag?post=10179"}],"curies":[{"name":"wp","href":"https:\/\/api.w.org\/{rel}","templated":true}]}}